*o + 2198. Determine a(6).
-496
Let w(a) = 89650*a + 13895749. Calculate w(-155).
-1
Let v(t) = -2*t**2 - 367*t - 7325. Give v(-160).
195
Let m(q) = -333*q - 2464. What is m(-8)?
200
Let u(x) = x**3 - 27*x**2 + 44*x - 376. Determine u(26).
92
Let w(z) = -46*z**3 - 39*z**2 + 54*z - 15. Give w(1).
-46
Let i(u) = 31530*u - 1198142. Determine i(38).
-2
Let s(u) = -141*u - 5324. Give s(-39).
175
Let i(g) = 4*g**3 - 4*g**2 - 89*g - 84. What is i(6)?
102
Let n(o) = 5*o**2 - 356*o - 7950. Determine n(-22).
2302
Let x(f) = 309*f - 16199. Determine x(50).
-749
Let f(o) = -7*o**2 - 1551*o - 4589. Give f(-3).
1
Let s(q) = 10216*q - 878483. What is s(86)?
93
Let g(r) = -7854*r - 4115503. Determine g(-524).
-7
Let h(a) = 4*a**3 + 358*a**2 - 185*a - 437. What is h(-90)?
13
Let u(g) = -74544*g - 33842972. Determine u(-454).
4
Let i(x) = -535*x**2 + 1605*x - 5. What is i(3)?
-5
Let x(j) = 12872*j - 1377145. Calculate x(107).
159
Let d(b) = 43*b**2 - 2788*b - 25618. What is d(73)?
5
Let h(u) = u**3 + 21*u**2 - 1696*u - 25. Determine h(32).
-25
Let z(p) = 1778*p - 149921. What is z(84)?
-569
Let p(z) = -3980*z + 210954. What is p(53)?
14
Let r(k) = 5*k**2 - 49*k - 3045. Determine r(29).
-261
Let d(y) = -679*y**2 + 572*y + 1155. Give d(-2).
-2705
Let y(c) = -290*c + 33045. What is y(114)?
-15
Let n(y) = -y**2 - 76*y + 11808. Give n(-155).
-437
Let p(d) = -d**3 - 54*d**2 + 31*d + 979. Determine p(-54).
-695
Let z(d) = 59118*d - 354739. Calculate z(6).
-31
Let y(j) = 26*j**2 - 982*j + 79. Determine y(38).
307
Let b(d) = 7*d**3 - 355*d**2 - 41*d - 3107. What is b(51)?
4
Let v(k) = -12*k**2 + 182*k + 710. Determine v(-4).
-210
Let p(q) = -95193*q + 5901970. What is p(62)?
4
Let k(t) = 5*t**2 - 181*t + 2573. Give k(26).
1247
Let l(k) = -18723*k - 205796. Calculate l(-11).
157
Let a(s) = 6056*s + 44548. Give a(-7).
2156
Let q(p) = 482*p**2 + 320*p - 650. What is q(2)?
1918
Let p(m) = -7*m**3 + 1047*m**2 + 2574*m + 1481. Calculate p(152).
-39
Let s(r) = -r**3 + 28*r**2 + 559*r + 299. Determine s(-14).
705
Let d(i) = 169*i**2 + 877*i - 8099. Give d(-10).
31
Let n(f) = -f**3 - 39*f**2 + 101*f + 9103. Determine n(-34).
-111
Let u(a) = 19*a**3 + 280*a**2 - 91*a - 348. What is u(-15)?
-108
Let j(a) = -1992*a + 89680. Give j(45).
40
Let x(q) = -56798*q + 227132. Calculate x(4).
-60
Let q(o) = 788*o + 11860. Calculate q(-19).
-3112
Let d(l) = -54*l**3 + 5*l**2 - 67*l + 225. Calculate d(3).
-1389
Let y(n) = 2*n**3 + 335*n**2 - 722*n + 81. Give y(2).
-7
Let k(j) = -3658*j - 18430. Give k(-5).
-140
Let a(k) = -62*k**3 + 2110*k**2 - 75*k + 282. What is a(34)?
44
Let d(l) = 3*l**2 + 65*l - 623. Calculate d(7).
-21
Let h(m) = 2*m**3 + 1394*m**2 + 12434*m + 34404. Give h(-688).
4
Let u(s) = s**2 - 310*s - 5716. Give u(-18).
188
Let g(d) = d**3 - 16*d**2 + 385*d - 3947. Give g(11).
-317
Let x(r) = 928*r + 166968. Determine x(-180).
-72
Let j(w) = -4*w**3 + 11*w**2 + 121*w - 26. Calculate j(7).
-12
Let n(t) = 21373*t + 128076. Calculate n(-6).
-162
Let x(k) = -168*k**3 + 4*k**2 + 7*k + 8. What is x(-2)?
1354
Let r(b) = 15*b**2 + 501*b - 137. Calculate r(-36).
1267
Let z(u) = -77644*u + 2174003. Calculate z(28).
-29
Let l(j) = -j**3 + 25*j**2 - 863*j + 23287. Determine l(26).
173
Let r(o) = 3*o**2 - 900*o - 6471. What is r(-7)?
-24
Let x(r) = r**3 + 11*r**2 + 487*r + 1966. Determine x(-4).
130
Let a(h) = 127*h**2 - 2549*h + 6638. Give a(17).
8
Let i(p) = -27277*p - 900150. Determine i(-33).
-9
Let x(w) = -633*w**2 + 44*w + 5. Determine x(-1).
-672
Let o(c) = 16*c**3 + 15107*c**2 + 2844*c + 11331. Give o(-944).
3
Let j(r) = -r**2 - 902*r - 57563. Calculate j(-69).
-86
Let w(p) = p**3 + 608*p**2 + 136*p + 82684. Calculate w(-608).
-4
Let h(u) = -u**3 - 27*u**2 - 154*u + 111. Give h(-18).
-33
Let r(f) = f**3 + 85*f**2 + 153*f - 714. Calculate r(-83).
365
Let u(r) = 133*r**3 + 1598*r**2 + 12*r - 164. Calculate u(-12).
-20
Let z(r) = 4*r**3 - 77*r**2 + 4*r - 460. Calculate z(19).
-745
Let k(a) = a**3 + 3135*a**2 - 19018*a + 1003. What is k(6)?
-29
Let u(z) = 3*z**3 - 1255*z**2 - 5941*z + 8038. Determine u(423).
1
Let p(q) = -2*q**2 + 185*q + 3150. What is p(107)?
47
Let n(p) = -9*p**2 + 35*p + 79. What is n(4)?
75
Let x(y) = 69*y**2 - 272*y - 32. Give x(4).
-16
Let r(d) = 6*d**3 - 102*d**2 - 79*d - 90. Give r(18).
432
Let g(v) = -2635*v + 853159. Calculate g(324).
-581
Let m(y) = 1024*y + 2468. Give m(-2).
420
Let x(c) = c**3 - 171*c**2 + 1598*c + 67. Give x(10).
-53
Let f(n) = 6*n**3 - 380*n**2 + 146*n - 72. Calculate f(63).
1188
Let u(p) = -7*p**2 - 322*p + 101. Give u(-23).
3804
Let q(l) = -2*l**3 + 300*l**2 - 1985*l - 95. Determine q(7).
24
Let u(p) = -5040*p - 35520. Give u(-7).
-240
Let h(w) = 5*w**2 - 2531*w - 10169. Calculate h(-4).
35
Let b(i) = 2*i**3 - 219*i**2 + 920*i + 2. Determine b(4).
306
Let g(q) = -q**2 - 57844*q + 694285. Give g(12).
13
Let t(n) = 5069*n + 110769. Determine t(-22).
-749
Let k(b) = -b**3 - 50*b**2 - 106*b - 2356. Give k(-48).
-1876
Let u(r) = 3*r**3 + 20*r**2 - 32*r + 70. What is u(-9)?
-209
Let y(j) = -23*j**2 + 8846*j - 35068. Give y(4).
-52
Let c(r) = 11717*r + 820202. Give c(-70).
12
Let c(h) = 13*h**3 + 44*h**2 - 765*h - 2346. What is c(-3)?
-6
Let r(s) = 14*s**2 + 167*s + 499. Determine r(-6).
1
Let v(h) = 5*h**3 + 2*h**2 - 526*h + 2101. Calculate v(4).
349
Let q(j) = -4*j**2 - 156*j - 376. Give q(26).
-7136
Let o(z) = 5999*z - 743896. What is o(124)?
-20
Let f(i) = 822*i + 699485. What is f(-851)?
-37
Let r(l) = l**3 - 32*l**2 + 96*l - 57. What is r(28)?
-505
Let t(s) = 156*s**2 + 60*s - 57. Determine t(1).
159
Let f(d) = 47*d + 1778. What is f(-27)?
509
Let i(w) = 2*w**3 + 449*w**2 + 2235*w + 10. Determine i(-5).
-190
Let j(r) = r**3 + 218*r**2 - 432*r - 1109. Determine j(-220).
-2869
Let f(p) = -348*p**2 - 8687*p + 314. Give f(-25).
-11
Let i(f) = -2*f**2 + 47*f + 1131. What is i(-22)?
-871
Let c(w) = -w**2 + 44*w + 85267. What is c(315)?
-98
Let h(z) = z**3 + 67*z**2 - 217*z + 4290. Calculate h(-71).
-467
Let l(b) = 127*b**2 + 652*b + 79. Calculate l(-5).
-6
Let i(w) = -w**3 + 133*w**2 - 415*w + 37351. What is i(132)?
-5
Let v(l) = 541*l**2 - 324602*l + 1431. Give v(600).
231
Let d(l) = 572*l + 158135. What is d(-276)?
263
Let j(n) = -20*n**2 - 9988*n - 13939. What is j(-498)?
5
Let h(j) = 119*j - 1565. Give h(10).
-375
Let m(u) = -2*u**2 + 25*u + 2434. Give m(-29).
27
Let q(y) = 22064*y - 970499. Determine q(44).
317
Let u(l) = -2588*l + 10672. What is u(4)?
320
Let d(m) = -2*m**3 - 496*m**2 + 13082*m + 7080. What is d(-272)?
8
Let r(i) = -i**3 + 27*i**2 + 193*i - 116. Give r(33).
-281
Let k(c) = 73*c - 1209. What is k(-13)?
-2158
Let z(m) = m**2 + 1634*m - 45943. Give z(28).
593
Let t(b) = -b**2 + 1120*b - 202714. What is t(227)?
-3
Let r(x) = 139*x**2 - 28843*x + 14484. Determine r(207).
-6
Let v(l) = 2*l**3 - 4*l**2 - 59*l + 493. Give v(10).
1503
Let o(i) = 915*i - 30582. What is o(33)?
-387
Let y(h) = -43*h**2 - 1078*h - 5947. What is y(-17)?
-48
Let o(l) = -668466*l + 5347731. Calculate o(8).
3
Let b(a) = -5051*a - 353559. What is b(-70)?
11
Let p(j) = -47*j**2 - 120*j + 1795. Give p(-8).
-253
Let v(f) = -111*f - 38866. What is v(-350)?
-16
Let z(m) = -4*m**2 - 127*m - 1118. What is z(-11)?
-205
Let r(c) = 1419*c + 22753. Determine r(-16).
49
Let p(s) = 4*s**3 + 67*s**2 + 50*s - 111. Calculate p(-14).
1345
Let o(u) = -3*u**2 - 5234*u + 364137. Determine o(67).
-8
Let p(n) = -n**3 - 211*n**2 - 608*n + 48. What is p(-3)?
0
Let f(p) = -2*p**2 - 17128*p + 154369. What is f(9)?
55
Let x(m) = 2693*m + 13242. Give x(-3).
5163
Let d(s) = s**3 + 105*s**2 + 125*s + 754. Determine d(-104).
-1430
Let u(w) = -1547*w + 80964. Give u(52).
520
Let x(a) = -40465*a - 606986. Calculate x(-15).
-11
Let m(w) = 146*w**2 + 1494*w + 11. Calculate m(-10).
-329
Let n(j) = j**2 + 981*j + 7790. Give n(-8).
6
Let j(d) = -1670*d + 120236. Determine j(72).
-4
Let w(m) = -957*m - 80648. Determine w(-84).
-260
Let o(h) = 224261*h - 48. Give o(0).
-48
Let c(l) = -l**3 + 18*l**2 - 915*l + 7557. Give c(9).
51
Let h(m) = 29*m**2 - 67353*m + 705158. Determine h(2312).
-2
Let x(i) = 1548*i + 1308066. Give x(-845).
6
Let a(o) = 3*o**2 - 250*o + 3838. Calculate a(64).
126
Let t(g) = -215*g + 13537. What is t(63)?
-8
Let y(m) = -79411*m - 5717610. Calculate y(-72).
-18
Let f(u)